 7. Calculate k(-6).
1
Let d(r) = -r**2 + 5*r. What is d(7)?
-14
Let u(h) = h**3 + h**2 + 10*h + 25. Give u(-2).
1
Let k(j) = 9*j - 32. What is k(-6)?
-86
Let m(z) = z + 34. Give m(15).
49
Let t(q) = 2*q**2 - 8*q - 7. What is t(8)?
57
Let q(u) = -5*u**2 + 10*u - 6. Calculate q(2).
-6
Let s(a) = -5*a + 32. Calculate s(10).
-18
Let x(j) = -2*j**2 - 3*j - 6. Calculate x(-3).
-15
Let d(f) = -7*f - 10. Calculate d(3).
-31
Let w(q) = -4*q**2 - 32*q - 41. Calculate w(-6).
7
Let j(p) = 3*p + 5. What is j(-2)?
-1
Let b(y) = -y**2 - 2*y + 1. Give b(5).
-34
Let m(q) = -3*q - 8. Calculate m(-4).
4
Let c(p) = p**3 - 23*p**2 - 24*p - 51. Determine c(24).
-51
Let y(w) = w**3 + 21*w**2 - 21*w + 29. Determine y(-22).
7
Let r(a) = -a**3 - 23*a**2 + 2*a + 26. Give r(-23).
-20
Let d(u) = -16*u - 12. Calculate d(-2).
20
Let c(a) = -8*a + 129. Give c(19).
-23
Let l(k) = k - 1. Determine l(1).
0
Let z(g) = 2*g**2 + 3*g + 1. What is z(-2)?
3
Let y(i) = -i**3 - i**2 + 11*i - 8. Give y(2).
2
Let n(u) = 10*u - 14. What is n(4)?
26
Let m(p) = -p**3 + 4*p**2 + 6*p - 13. Calculate m(4).
11
Let u(r) = -r**2 - 3*r + 21. Calculate u(3).
3
Let r(k) = -k**2 + 13*k - 37. Determine r(9).
-1
Let s(l) = 16*l + 101. Calculate s(-6).
5
Let v(f) = 12*f**2 - 13*f - 16. Determine v(-1).
9
Let l(x) = -34*x**3 + x**2 - x - 1. Give l(-1).
35
Let t(q) = q**2 + q - 2. What is t(3)?
10
Let s(l) = -l**2 - 27*l + 92. Calculate s(-30).
2
Let r(x) = x**3 + 10*x**2 + 7*x + 5. Give r(-8).
77
Let r(t) = t**3 + 6*t**2 - 14*t + 10. Determine r(-8).
-6
Let k(i) = -i**3 + 2*i**2 + 4*i + 24. What is k(5)?
-31
Let c(z) = -z**2 + 6*z - 5. Determine c(4).
3
Let o(f) = -4*f - 20. Determine o(-7).
8
Let g(w) = -57*w - 1208. Determine g(-21).
-11
Let v(s) = -s**2 + 13*s + 6. Calculate v(14).
-8
Let h(w) = -14*w + 268. Determine h(19).
2
Let g(m) = m**2 - 12*m - 3. What is g(13)?
10
Let t(k) = -5*k**2 - 2*k - 2. Calculate t(-1).
-5
Let t(a) = -10*a + 2. Give t(-4).
42
Let g(k) = -4*k**3 + 2*k**2 + 2*k + 1. Calculate g(-1).
5
Let h(t) = -t**2 + 16*t + 8. What is h(9)?
71
Let n(l) = -l**2 - 8*l + 1. What is n(-7)?
8
Let n(b) = -b - 4. Determine n(3).
-7
Let g(x) = 3*x - 8. Determine g(-5).
-23
Let g(n) = -2*n**3 + 4*n**2 - 4*n + 4. Calculate g(2).
-4
Let q(y) = -y**2 - 4*y + 6. Calculate q(-6).
-6
Let d(h) = -2*h**2 - h - 5. What is d(0)?
-5
Let h(b) = -9*b**3 + b**2 + 2*b - 1. Determine h(1).
-7
Let o(d) = -d**3 - 15*d**2 - 7*d - 11. Determine o(-15).
94
Let p(s) = -s**3 + 5*s**2 + 2. Give p(6).
-34
Let i(x) = -2*x**2 - 66*x + 7. What is i(-34)?
-61
Let c(h) = h**3 - 5*h**2 + h + 4. Determine c(5).
9
Let v(b) = -7*b + 4. What is v(5)?
-31
Let d(m) = 3*m - 10. Give d(0).
-10
Let x(p) = 2*p**3 - 11*p**2 + 6*p - 11. What is x(5)?
-6
Let h(d) = -d + 10. Give h(15).
-5
Let n(r) = r**3 - 7*r**2 - 7*r + 10. Give n(7).
-39
Let w(x) = x - 26. Determine w(13).
-13
Let u(r) = r**2 - 33. Determine u(-6).
3
Let o(m) = m**2 + 3*m + 3. Calculate o(-3).
3
Let a(q) = -q**2 + 38*q - 321. What is a(13)?
4
Let q(t) = -t**3 - 3*t**2 - 2. Give q(-3).
-2
Let x(l) = -8*l + 77. What is x(11)?
-11
Let k(x) = -x**2 - 6*x - 4. Calculate k(-3).
5
Let c(q) = -q**2 - 12*q + 11. Determine c(-13).
-2
Let g(p) = p**2 - 6*p - 41. What is g(9)?
-14
Let q(t) = -34*t**3 - 2*t**2 + 2. Calculate q(-1).
34
Let f(s) = 2*s - 31. Give f(15).
-1
Let w(n) = 13*n - 60. Determine w(5).
5
Let n(v) = -v**2 + 3*v - 3. Give n(-3).
-21
Let t(d) = -3*d**2 + 11*d - 13. What is t(3)?
-7
Let k(i) = 15*i + 394. Give k(-26).
4
Let g(y) = y**3 - 4*y**2 - 6*y + 2. Give g(4).
-22
Let r(u) = 4*u - 69. Calculate r(19).
7
Let d(a) = a**3 + 3*a**2 + 10*a + 9. What is d(-3)?
-21
Let h(x) = 2*x**2 - 11*x + 26. Give h(4).
14
Let o(f) = 6*f + 12. Give o(-9).
-42
Let p(g) = g**2 - 3*g + 2. Determine p(0).
2
Let u(b) = -46*b + 25. What is u(4)?
-159
Let p(c) = 21*c**2 + 4*c + 4. Calculate p(-1).
21
Let r(d) = -6*d**2 - 17*d + 17. Calculate r(1).
-6
Let r(w) = 5*w**2 - 399*w + 313. Determine r(79).
-3
Let b(u) = 2*u - 1. Calculate b(-3).
-7
Let q(l) = 3*l**2 - 10*l - 7. Determine q(5).
18
Let q(v) = v**3 - 7*v**2 - 11*v - 2. Give q(8).
-26
Let h(p) = 8*p - 14. Give h(0).
-14
Let p(c) = 17*c**2 - 31*c. Give p(2).
6
Let c(j) = j**2 + 6*j + 7. What is c(-3)?
-2
Let a(b) = 3*b**3 - 3*b**2 + 4*b - 2. Calculate a(1).
2
Let o(x) = x**3 + x**2 - 3*x - 8. Determine o(3).
19
Let h(k) = k**2 - 23*k + 13. What is h(7)?
-99
Let v(d) = -73*d - 4. Give v(1).
-77
Let c(o) = o**2 + 6*o + 14. Calculate c(-4).
6
Let r(l) = -4*l**2 + 3*l - 3. Calculate r(2).
-13
Let z(n) = -n**3 + 12*n**2 + 14*n - 18. Calculate z(13).
-5
Let f(n) = n**3 + 20*n**2 + 35*n - 26. Determine f(-18).
-8
Let j(d) = d**3 + 7*d**2 + 3*d - 5. Determine j(-5).
30
Let k(i) = -4*i**2 - 68*i - 28. Calculate k(-17).
-28
Let k(m) = -m**2 - 14*m + 209. Determine k(9).
2
Let t(q) = q**2 + 2*q - 14. Give t(-11).
85
Let i(d) = -d**3 + 12*d**2 + 17. Determine i(12).
17
Let s(h) = -3*h - 18. Give s(-13).
21
Let k(v) = v**3 + 2*v**2 - 2*v + 1. Give k(-4).
-23
Let b(j) = -7*j**2 + 23*j + 2. Determine b(5).
-58
Let b(c) = -3*c - 59. Give b(-21).
4
Let q(g) = -82*g + 11. Determine q(1).
-71
Let w(c) = 3*c**2 + 5*c - 4. Calculate w(-4).
24
Let h(z) = z**3 - 13*z**2 - 12*z - 34. Determine h(14).
-6
Let x(v) = -2*v - 35. Determine x(-18).
1
Let x(q) = -4*q - 62. Determine x(-13).
-10
Let t(o) = 9*o + 10. Calculate t(3).
37
Let l(n) = 3*n + 1. Determine l(-1).
-2
Let h(k) = k**3 + 4*k**2 - 3*k - 9. Calculate h(-4).
3
Let l(o) = o**2 + 95*o + 185. Calculate l(-2).
-1
Let b(j) = j**2 - j - 16. Give b(4).
-4
Let w(j) = -3*j - 41. Calculate w(-13).
-2
Let z(s) = -4*s - 8. Calculate z(8).
-40
Let b(w) = w**3 + 18*w**2 + 18*w + 10. Give b(-17).
-7
Let x(k) = -k**2 + k + 461. Give x(-21).
-1
Let k(z) = z - 6. Give k(3).
-3
Let g(h) = 10*h + 44. Determine g(-6).
-16
Let d(o) = -o**3 + 22*o**2 - 21*o + 6. Give d(21).
6
Let a(o) = -14*o**2 - 477*o - 36. Give a(-34).
-2
Let p(o) = 4*o**2 - o. What is p(2)?
14
Let q(v) = v**2 + 2*v - 44. What is q(6)?
4
Let a(q) = q**2 + 10*q + 14. What is a(-9)?
5
Let b(o) = 27*o**3 + 3*o**2 + 5*o + 2. Determine b(-1).
-27
Let x(u) = -6*u + 63. Determine x(0).
63
Let h(x) = x**3 + 14*x**2 - 13*x + 32. Give h(-15).
2
Let q(y) = y**2 - 5*y - 1. Give q(7).
13
Let q(t) = 19*t**3 + t - 1. What is q(1)?
19
Let k(g) = g**3 + 11*g**2 - 11*g + 16. Determine k(-12).
4
Let l(s) = -9*s + 69. Give l(9).
-12
Let v(c) = c**3 + 2*c**2 - 4*c - 2. Calculate v(-3).
1
Let f(a) = -a**3 - 2*a**2 - a + 8. Give f(-5).
88
Let r(f) = 3*f - 2. What is r(3)?
7
Let u(m) = 37*m + 75. Give u(-2).
1
Let v(d) = 3*d - 57. Determine v(19).
0
Let v(y) = -y**2 + 113*y - 1639. Give v(17).
-7
Let p(r) = 2*r + 24. What is p(-13)?
-2
Let u(f) = -5*f + 68. Determine u(-3).
83
Let l(s) = -4*s**2 + 11*s - 20. What is l(5)?
-65
Let u(d) = 3*d**3 + 12*d**2 - 2. Give u(-4).
-2
Let k(g) = g - 6. What is k(4)?
-2
Let p(d) = -3*d + 89. Determine p(35).
-16
Let m(u) = 4*u**2 - 3*u - 3. Give m(2).
7
Let u(k) = -k**3 - 5*k**2 + 5*k + 1. Calculate u(-5).
-24
Let i(f) = -f**2 + 30*f + 96. Calculate i(33).
-3
Let m(b) = -b**3 + 15*b**2 - 26*b - 3. Calculate m(13).
-3
Let v(u) = u**3 + 6*u**2 - u + 7. Give v(-6).
13
Let l(v) = v**3 + 5*v**2 - 10*v + 2. Calculate l(-7).
-26
Let d(l) = -5*l + 50. What is d(8)?
10
Let b(i) = i**3 - 7*i - 1. Give b(-3).
-7
Let b(j) = -16*j**2 - 83*j - 17. Give b(-5).
-2
Let p(w) = -w - 14. Determine p(-8).
-6
Let f(l) = -l**2 + 17*l + 7. What is f(17)?
7
Let m(b) = -b**3 + 12*b**2 + 13*b - 4. Calculate m(13).
-4
Let g(x) = -x**3 - 14*x**2 - x + 3. Give g(-14).
17
Let w(v) = -v**2 + 7*v + 9. Determine w(8).
1
Let t(o) = -6*o + 97. Determine t(25).
-53
Let a(z) = -z**3 - 52*z**2 - 100*z - 18. Determine a(-50).
-18
Let c(z) = z + 3. Determine c(-3).
0
Let p(j) = j**3 + 25*j**2 - 53*j + 37. Give p(-27).
10
Let w(p) = -p**3 - 9*p**2 + 13*p - 3. Give w(-10).
-33
Let s(h) = 5*h**2 - 6*h + 2. Determine s(3).
29
Let r(x) = x**3 - 7*x**2 + 1. Calculate r(6).
-35
Let m(i) = i**3 - 9*i**2 - 21*i - 10. Give m(11).
1
Let u(z) = -7*z - 114. What is u(-12)?
-30
Let d(b) = -20*b + 202. Give d(10).
2
Let x(i) = -17*i - 97. Calculate x(-6).
5
Let r(p) = -p**3 - 10*p**2 - 17*p - 1. Determine r(-8).
7
Let d(g) = -g**2 - 3*g. What is d(-5)?
-10
Let x(l) = l**3 - 25*l**2 